o base 5
4224222
2656342 (base 7) to base 16
558ac
25355100 (base 8) to base 15
762157
What is -1120032 (base 5) in base 8?
-47061
What is -939469 (base 11) in base 14?
-2b2b3a
-91af6 (base 16) to base 15
-bbc1b
Convert 102041 (base 11) to base 8.
477656
768807 (base 10) to base 16
bbb27
-13f6ca (base 16) to base 3
-2110110201212
-532161 (base 10) to base 12
-217b69
What is 78ccd1 (base 14) in base 15?
5620c4
What is 11034444341 (base 5) in base 11?
6878264
What is -17043d (base 15) in base 12?
-459104
What is 281bbb (base 12) in base 9?
1225858
32067a7 (base 12) to base 6
534525131
Convert -187b9b3 (base 13) to base 11.
-458a809
What is 11101110001010111111 (base 2) in base 13?
282065
-44331554 (base 6) to base 5
-320142024
Convert -214772 (base 8) to base 13.
-26b1a
Convert -b4ab5 (base 13) to base 7.
-2521634
-5881aa (base 11) to base 9
-1672178
Convert 1485304 (base 9) to base 14.
176425
Convert -25221 (base 11) to base 9.
-54584
Convert 11333646 (base 7) to base 8.
3641355
Convert 10001000010100100101000 (base 2) to base 3.
22101221112212
What is -1100101101110111010001 (base 2) in base 13?
-8c9448
-65731a (base 13) to base 11
-138aaa0
Convert -1057226 (base 8) to base 6.
-10045422
Convert -201112000 (base 3) to base 10.
-14229
Convert -2a52185 (base 13) to base 9.
-27376673
-11531355 (base 7) to base 12
-419940
Convert -a30965 (base 15) to base 11.
-4411aa5
-21324245 (base 7) to base 4
-12330230111
62e1bb (base 15) to base 11
2724060
What is -6327213 (base 8) in base 3?
-10011111202102
Convert -50005144 (base 6) to base 16.
-155ff8
-4aa682 (base 11) to base 14
-16d3b6
Convert -102406014 (base 7) to base 8.
-27116224
What is -10110102022111 (base 3) in base 16?
-1c0eaf
What is 201a71a (base 11) in base 9?
6643703
21a57 (base 13) to base 8
167231
What is 211101 (base 3) in base 8?
1134
-1000011100101110101 (base 2) to base 12
-114271
Convert 100110011011100010 (base 2) to base 13.
56856
What is -22232102323 (base 4) in base 9?
-5254047
297910 (base 10) to base 9
503581
What is 1520630 (base 11) in base 2?
1001111100011100001001
Convert -5541511 (base 7) to base 12.
-28ab54
What is 15aae0 (base 16) in base 9?
2603777
What is -5435134 (base 7) in base 11?
-41424a
Convert 11122122122 (base 3) to base 8.
262721
Convert 61a41 (base 12) to base 14.
34729
What is 613165 (base 7) in base 9?
168144
Convert 1010101001100110010111 (base 2) to base 16.
2a9997
Convert 12056771 (base 8) to base 13.
7181aa
Convert -9d4b (base 16) to base 12.
-1b377
What is 23111330 (base 5) in base 13?
73350
Convert 1101101111000011001001 (base 2) to base 14.
69a249
What is 163b671 (base 13) in base 7?
114622511
-2b7702 (base 12) to base 6
-23500402
Convert 1207722 (base 9) to base 11.
408313
Convert 1001110111110101110 (base 2) to base 3.
121102202120
What is 11000101111000010010101 (base 2) in base 8?
30570225
What is 12032603 (base 7) in base 8?
4044023
What is -1030021342 (base 5) in base 6?
-114530044
-36311 (base 15) to base 11
-108926
-11023335 (base 7) to base 11
-597708
What is -564721 (base 11) in base 10?
-899295
Convert -31572457 (base 8) to base 11.
-38994a6
Convert -25305302 (base 6) to base 11.
-509367
-3536372 (base 10) to base 11
-1aa5a24
Convert -231400222 (base 5) to base 15.
-159427
4354655 (base 8) to base 5
244413322
What is 15460151 (base 7) in base 9?
2725632
Convert 22131222 (base 5) to base 9.
323276
What is b47 (base 13) in base 2?
11101111110
Convert -110000110200 (base 3) to base 10.
-236538
What is 111111000100111101010 (base 2) in base 10?
2066922
Convert -3603354 (base 8) to base 15.
-146be2
Convert -111220303323 (base 4) to base 14.
-a791a3
Convert -4ece9e (base 15) to base 13.
-a29143
What is 3330544 (base 8) in base 3?
1200120222022
What is -5038c (base 15) in base 5?
-31111212
-10010000000100010 (base 2) to base 14
-1cc4a
Convert 30200551 (base 7) to base 3.
11201020120011
Convert 2002002201 (base 4) to base 8.
2020241
-3c8083 (base 14) to base 12
-85132b
-100414023 (base 5) to base 3
-202112112201
2737288 (base 10) to base 15
3910ad
Convert 96da07 (base 16) to base 7.
150013533
Convert 220122202 (base 3) to base 16.
4637
Convert 1deb (base 15) to base 12.
3935
What is 132202031 (base 4) in base 15?
270ce
What is 1025479 (base 11) in base 8?
6713304
What is 1211132230 (base 4) in base 8?
1453654
What is 13454504 (base 6) in base 7?
3616561
What is 200101002022 (base 3) in base 5?
43033041
-17a294 (base 11) to base 13
-99227
Convert 110202012021001 (base 3) to base 15.
8dc527
What is 273130 (base 10) in base 16?
42aea
Convert 6486 (base 9) to base 4.
1022220
What is -933694 (base 12) in base 9?
-4306704
What is 132236 (base 10) in base 3?
20201101122
-111210000 (base 3) to base 8
-23474
100000001000000010 (base 2) to base 5
13202321
Convert -f3c4b (base 16) to base 4.
-3303301023
Convert 83162 (base 11) to base 12.
5a252
What is 771e5 (base 16) in base 10?
487909
What is 101111111110111001100 (base 2) in base 10?
1572300
-21002223210 (base 4) to base 9
-4412360
What is -355218 (base 13) in base 5?
-311034103
2453550 (base 6) to base 8
401252
Convert -202201100102 (base 3) to base 10.
-407765
Convert -35535112 (base 6) to base 12.
-45a498
1286669 (base 12) to base 5
1414121344
-42273 (base 12) to base 5
-10234100
Convert 3030233112 (base 4) to base 6.
25550250
69400 (base 16) to base 5
102243404
Convert -575dd (base 15) to base 9.
-463411
3083596 (base 11) to base 6
312305014
What is -a03374 (base 12) in base 11?
-1453885
What is -2974480 (base 10) in base 8?
-13261420
What is 14100234 (base 9) in base 3?
111010000021011
Convert -b677 (base 14) to base 4.
-13223221
Convert 1110110100011100 (base 2) to base 8.
166434
-26479 (base 12) to base 9
-80023
What is -4313617 (base 8) in base 15?
-17b90b
-11011100010110101001 (base 2) to base 13
-257a85
Convert 4a02021 (base 11) to base 16.
84be2f
What is -2040416 (base 7) in base 11?
-158179
5674416 (base 8) to base 15
205be8
Convert 2164672 (base 8) to base 6.
20304134
What is -21120010020100 (base 3) in base 2?
-1111010100111000011010
Convert -224422333 (base 5) to base 9.
-1815060
-6cab1 (base 15) to base 9
-577474
2020220022 (base 3) to base 14
12272
4110116 (base 7) to base 2
1110111100110001010
What is -101011100000101000 (base 2) in base 3?
-100001110121
Convert -124550521 (base 6) to base 13.
-687031
Convert 6ba9d (base 16) to base 8.
1535235
Convert -10101211022101 (base 3) to base 5.
-430314132
Convert db1d3 (base 15) to base 11.
435740
What is 101001101011110011 (base 2) in base 7?
1310532
323702 (base 8) to base 15
22222
1aadb (base 15) to base 13
306a4
What is -611c5 (base 13) in base 3?
-22211112111
-441425 (base 6) to base 9
-55258
Convert 11010000010100000111 (base 2) to base 6.
30142131
What is 1194aa (base 11) in base 10?
188275
Convert -2602160 (base 8) to base 16.
-b0470
Convert -222750 (base 9) to base 14.
-3680a
2141134444 (base 5) to base 13
c6191b
Convert 612496 (base 11) to base 3.
1212000001210
What is 126305a (base 11) in base 15?
2d2897
What is -1123373 (base 8) in base 9?
-514207
Convert -7035020 (base 9) to base 15.
-4de273
What is -5061405 (base 7) in base 11?
-38220a
-3200035 (base 7) to base 4
-1132120123
-17252 (base 10) to base 11
-11a64
What is -123814 (base 11) in base 12?
-95039
Convert 84b1 (base 14) to base 3.
1011101211
Convert 153670 (base 10) to base 8.
454106
What is 9a3b9 (base 16) in base 4?
2122032321
52454344 (base 7) to base 12
1599a31
What is -23283113 (base 9) in base 5?
-10400130002
Convert -2430621 (base 11) to base 13.
-b52354
Convert -250c7 (base 13) to base 12.
-33612
Convert -11220200222120 (base 3) to base 7.
-31126101
What is -136278 (base 10) in base 3?
-20220221100
What is 322013013 (base 5) in base 6?
45054023
What is -939253 (base 12) in base 4?
-20311310133
What is 27b3c (base 13) in base 2?
10010001010101011
Convert 20001004 (base 6) to base 7.
4521631
What is -12655344 (base 8) in base 6?
-140522124
13447 (base 15) to base 9
103584
Convert -101111110010100000010 (base 2) to base 5.
-400102304
What is 11202303 (base 4) in base 15?
6adc
Convert -10203221131 (base 4) to base 14.
-2314bb
-1142014140 (base 5) to base 6
-133343314
What is 26227 (base 9) in base 11?
12316
What is -65c (base 13) in base 6?
-5015
Convert 1542b90 (base 